*2 - q + 17. Let w be n(16). Let r(t) = t**2 - t - 1. Let p(c) = -c**3 - c**2 + 3*c + 4. Let z(d) = w*p(d) + 3*r(d). Give z(3).
-8
Let u(x) be the third derivative of 1/60*x**5 + 0*x + 1/24*x**4 + 0 - 5/6*x**3 - 16*x**2. Calculate u(0).
-5
Let j be 1/((0 + -1)*(-10)/(-10)). Let l(c) = -3*c**2 - 4*c**2 + 5*c**2 - 2*c**2. Give l(j).
-4
Let q(f) = -f + 2. Let d be -1 - (-3 + (-2)/1). Let u = d + 1. Suppose 3*s = u*b + 4*s - 2, -4*s = 5*b - 8. Determine q(b).
2
Let n(h) = h + 9. Let o be n(-5). Let d(r) = -412 - 46*r**2 - 2*r + 99*r**2 - 52*r**2 + 408. Give d(o).
4
Let l(s) be the second derivative of -5*s**3/6 - 15*s**2/2 + s. Let c be l(-4). Let r(k) = 2*k - 1. Calculate r(c).
9
Let m(t) = -3*t**2 - 4*t + 1. Let s(o) = -15*o**2 - 21*o + 7. Let v(x) = 11*m(x) - 2*s(x). Determine v(-3).
-24
Let m(q) = -3*q**2 + 5*q + 2 - 6 + 2*q**2. Let y(s) = 17*s + 190. Let t be y(-11). Calculate m(t).
2
Let z(p) = 2*p - 2. Let m(b) = -7*b - 7. Let y(n) = -m(n) - 3*z(n). What is y(-12)?
1
Let q(g) = g**3 - 5*g**2 - 7*g - 1. Suppose 0 = p - 0*p - 3, x + p = 7. Let k be x/(-18) + (-336)/(-54). What is q(k)?
-7
Let k be -6*3/12*-2. Let t(u) = 2 + k*u - 6*u + 5*u + 2. Let o(m) = -m + 22. Let v be o(17). What is t(v)?
14
Let w(k) = k**2 - 7*k + 4. Let f = 22 + -12. Let o = f - 4. Suppose 7*u - o*u - 7 = 0. What is w(u)?
4
Let h(p) be the third derivative of -p**6/120 - p**5/15 - p**4/24 - p**3/3 + 23*p**2. Calculate h(-3).
-8
Let s(l) = -l**2 - 2*l + 6*l**3 + 0*l**2 - 5*l**3 + 4 + 2*l**2. Let p = -4 - -10. Let j = -9 + p. What is s(j)?
-8
Suppose 0 = 2*a - 5*a + 6. Suppose -a*b - 2*v = -24, 2*b - 4 = 3*v - v. Let d(t) = -t - b - t - 4*t + 4*t. Calculate d(-5).
3
Let l(j) = -j + 3*j + 7*j - 7 - 3*j. Calculate l(3).
11
Let c be 871/603 - 2*6/27. Let n(g) = 3*g + 12*g**3 + 7*g**3 - g - 1. Determine n(c).
20
Let j(w) = -39*w + 3. Let m(z) = -9*z + 3. Let v(x) = 17*x - 7. Let i(c) = 5*m(c) + 2*v(c). Let f(q) = 18*i(q) - 5*j(q). What is f(4)?
-9
Let s(n) = -81*n**2 - 2 + 3*n + 246*n**2 + 6 - 86*n**2 - 73*n**2. Give s(3).
67
Let r(v) = v**2 - 155*v + 1710. Let p be r(12). Let a(t) = t**3 + 11*t**2 + 3*t - 7. Let m(x) = x**2 - x - 1. Let d(k) = -a(k) + 3*m(k). Give d(p).
-32
Let u be (-51)/(1 - 2/8). Let d = -96 - u. Let b be 188/d + 2/(-7). Let l(g) = -g**2 - 7*g + 6. Calculate l(b).
6
Let f(a) = a - 3. Let c be (-36)/30*75/(-2). Suppose 0 = -4*t - 9 - 11, 3*t = 5*m - c. Calculate f(m).
3
Let p(l) = -2*l**2 - 8*l + 6. Suppose 4*g = 4*i - 2*i + 26, 0 = 3*g + 3*i - 15. Let y = 0 - g. Calculate p(y).
-18
Suppose 0 = 2*f - 44 + 20. Suppose -j - 4*o = -0*j + 18, -3*o = f. Let u(a) = -a**2 - 5*a - 1. Determine u(j).
5
Let l(m) be the first derivative of -m**5/120 - m**4/12 + 4*m**3 + 39. Let n(d) be the third derivative of l(d). Calculate n(-8).
6
Let h(k) = k**3 + 3*k**2 - 2*k - 1. Let d be h(-2). Let i(z) = -2*z + 1 + 5*z + 3*z - d*z. Calculate i(4).
-3
Let n(h) = -h**3 + 10*h**2 + 3*h - 2. Let x(i) = i**3 - 11*i**2 - 2*i + 1. Suppose 5*u - 59 + 34 = 0. Let d(g) = u*n(g) + 4*x(g). Calculate d(7).
-6
Let t(x) = -2*x**3 + 4*x**2 + 5*x - 2. Let r = 2338 + -2335. Determine t(r).
-5
Let z(d) = d**3 + 6*d**2 - 2*d - 7. Let l be z(-6). Let j(n) = -3 - n**2 - 3*n**2 + l*n**2 + 4*n + 0. What is j(-5)?
2
Let u(g) = -4*g - 10 + 6 - 2*g + 3*g. Give u(-3).
5
Let a(l) = l**3 - 10*l**2 + 48*l + 8. Let q(j) = j**3 - 9*j**2 + 39*j + 7. Let v(b) = -4*a(b) + 5*q(b). Determine v(3).
-6
Let n(k) = -k**3 + 5*k**2 + 6*k - 2. Let j(z) = -z**3 - 3*z**2 + 8*z + 4. Let b be j(-5). Let l(s) = s - 12. Let q be l(b). Let p = 4 + q. What is n(p)?
-2
Let r(o) = -o**3 + 2*o**2 + o - 1. Suppose 4 = -4*d - 0*d. Let c = d + 4. Calculate r(c).
-7
Let c(d) = -d**3 + 15*d**2 + 12*d + 10. Let k(h) = h**2 + 1. Let j(i) = -c(i) + 4*k(i). Give j(12).
-6
Let x(s) be the third derivative of -s**4/24 - s**3/6 + s**2. Let t be (1 - 0)*(3 - -44). Let n = t - 45. Give x(n).
-3
Let k(w) = -2*w - 22. Let u(a) = a**3 + 3*a**2 - a - 10. Let b be u(0). Determine k(b).
-2
Let z(x) = -2*x**2 - 3*x - 1. Suppose 7*a - 11*a + 52 = 0. Suppose 0*w - 4*w + 4*f = 8, 2*f = 5*w + a. Give z(w).
-10
Let q(w) = -w**2 - 36*w - 98. Let r be q(-3). Let h(c) = 20*c**3. Calculate h(r).
20
Let a(p) = -70*p + 8. Let f(k) = 29*k - 4. Let d(z) = -3*a(z) - 7*f(z). Give d(3).
25
Let a(t) = -2*t**2 + t + 2. Let g be 1 - (-78)/7 - (-1)/(-7). Suppose -3*v + 3*y = -g, -v - 5*y + 2 = -2. Calculate a(v).
-26
Let y = -122 - -121. Let s(x) = -17*x + 1. Determine s(y).
18
Let m(r) be the first derivative of r**2/2 + 4*r - 27. Let f(k) = 2*k. Let j be f(-2). Let v be m(j). Let h(u) = u**3 - u**2 + 8. Give h(v).
8
Let d(b) = 14*b**2 - 19*b - 12. Let y(t) = -5*t**2 + 6*t + 5. Let c(g) = -4*d(g) - 11*y(g). Determine c(10).
-7
Suppose -14*w + 18*w = 32. Let f(o) = -o**3 + 8*o**2 - o - 2. Calculate f(w).
-10
Let n(f) = -5*f**2. Let l = -14 + 20. Let o(g) = -g**3 + 6*g**2 - 2*g + 9. Let c be o(l). Let z = 4 + c. Calculate n(z).
-5
Let l(z) = 10*z**2 - 199*z - 24. Let j be l(20). Let r(h) = -h**2 - 3*h + 1. Give r(j).
-3
Suppose 0*h + 5*h + 30 = 0. Let d(o) = -9 + 31*o**2 - 32*o**2 + 13 - 4*o. Give d(h).
-8
Let d(o) be the second derivative of o**3/6 - 3*o**2/2 + 17*o. Let t = -42 - -44. Determine d(t).
-1
Let t(y) = -16*y - 56. Let a(j) = j + 4. Let o(q) = -70*a(q) - 5*t(q). Calculate o(1).
10
Let o(l) = -7*l + 4. Let r(d) = -3*d + 2. Let v(s) = 2*o(s) - 5*r(s). Calculate v(2).
0
Let n(i) be the second derivative of 17*i**4/12 + i**3/3 - i**2/2 + 195*i. What is n(1)?
18
Let s(u) be the third derivative of -u**6/240 + u**5/120 - 7*u**4/12 - 20*u**2. Let v(f) be the second derivative of s(f). Give v(3).
-8
Let o(c) = 1 - 24*c + 23*c - 3. Let f be o(-2). Let s(r) = -r - 7. What is s(f)?
-7
Let n = -31 + 45. Suppose 6*b = -n - 10. Let t(v) = -v**3 - 5*v**2 - v + 4. Determine t(b).
-8
Let o(b) = 3*b - 39. Let p be o(14). Let u(a) = 1 - p - 4 + 0 - a. Calculate u(-9).
3
Let h(z) be the third derivative of 0 + 0*z**3 - 1/40*z**6 - 1/30*z**5 + 5*z**2 + 1/24*z**4 + 0*z. What is h(1)?
-4
Let y(o) = -o**3 + 12*o**2 + 13*o + 8. Let i be y(13). Let p be (-3)/(-2)*i/(-3). Let g(h) = -h**3 - 5*h**2 - 6*h - 3. What is g(p)?
5
Let j(x) = -x**3 + 4*x**2 - 5. Let n(h) = -2*h**2 - 25*h - 74. Let b be n(-6). Give j(b).
-5
Let s(r) = -r**2 + 13*r + 18. Let c = 34 + -20. Calculate s(c).
4
Let w(o) = o**3 + o**2 - 1. Let f(g) = -2*g**3 + 3*g**2 - g - 5. Suppose -5*j + 3*v - 43 = -14, 3*v = -2*j + 1. Let u(r) = j*w(r) + f(r). Give u(-1).
5
Let b(k) = k - k**2 - 2350 + 2354 + 2*k + 2*k**2. Suppose 0 = 2*l + 2*l + 8, -3*l = -4*j - 6. What is b(j)?
4
Let q(j) = -3*j + 1. Let w(x) = 4*x + 3. Let z(g) = 5*q(g) + 3*w(g). Give z(10).
-16
Let n(v) = 6 + 0 - 6 - 99*v + 108*v. Let z(y) = 4 + 5 + 5*y - 4*y. Let j be z(-10). What is n(j)?
-9
Let b(h) = 10*h**3 + h. Let z be (1*(-5 - -6))/(-3)*-3. Calculate b(z).
11
Let z = 142 + -137. Let w(b) = b**3 - 5*b**2 - 2*b + 15. Determine w(z).
5
Let u(c) = -c + 8. Let p(t) = t**2 - 13*t - 43. Let q be p(-3). Give u(q).
3
Suppose -d - 4*r - 1 = 7, -5*r - 15 = 0. Suppose d*i - 2*i = 5*p + 23, 0 = -5*i - 4*p - 25. Let b(f) = -8*f**3 + f**2 + f + 1. Give b(i).
9
Suppose 1 = -2*q + 3, -3*q = -5*a - 63. Let v = a + 13. Let i(s) = 19*s**2 + 1. What is i(v)?
20
Let f(q) = q**2 - 10*q - 8. Suppose -88*r + 90 = -79*r. Determine f(r).
-8
Let o(p) = 9*p**3 + 3 + 7 + 7*p**2 - p**2 - 10*p**3 + 15*p. Let y be o(8). Suppose -y*t = t - 6. Let j(m) = -2*m - 2. Determine j(t).
-6
Let g(w) = -w + 2. Let x(f) = -7*f + 10. Let y(l) = -4*g(l) + x(l). What is y(-2)?
8
Let z(g) = -7*g**2 - 5*g - 4. Let t(v) = 6*v**2 + 4*v + 3. Let r(w) = 3*t(w) + 2*z(w). Suppose 5 = -0*d - 5*d. Calculate r(d).
3
Suppose n - 74 + 77 = 0. Let j(t) = -t**2 - 3*t + 7. Determine j(n).
7
Let h(x) = 14*x**3 + 12*x**2 + 46*x + 36. Let v(q) = 5*q**3 + 4*q**2 + 16*q + 12. Let f(z) = -6*h(z) + 17*v(z). Calculate f(5).
-7
Let t(q) = -q**3 + q**2 + q + 1. Let f be 2/13 - 374/(-442). Let o = 5 + -3. Let x(k) = 3*k**3 - 2*k - 5. Let c(r) = f*x(r) + o*t(r). What is c(-3)?
-12
Let b(c) = c**2 + 6*c - 4. Let s = -29 - -85. Suppose 9*f + s = f. Calculate b(f).
3
Let s(p) = -p**2 + p - 1. Let f(o) = -o + 3. Let d be f(5). Let w be s(d). Let i(a) = -1 - a**3 + 1 + 8*a + 8 - 6*a**2. Give i(w).
1
Let s = 0 + 2. Let u(t) be